{"id":1200,"date":"2023-04-06T14:25:07","date_gmt":"2023-04-06T12:25:07","guid":{"rendered":"https:\/\/relaxblog.radiopadrino.com\/?post_type=product&#038;p=1200"},"modified":"2023-04-06T14:26:56","modified_gmt":"2023-04-06T12:26:56","slug":"purifying-cleansing-gel-200-ml","status":"publish","type":"product","link":"https:\/\/relaxblog.radiopadrino.com\/?product=purifying-cleansing-gel-200-ml","title":{"rendered":"Purifying Cleansing Gel 200 ml"},"content":{"rendered":"<p><strong>OPIS<\/strong><br \/>\nGel za \u010di\u0161\u0107enje sa pantenolom za ne\u017eno \u010di\u0161\u0107enje prili\u010dno suve ko\u017ee sa flekama. Ovaj blagi gel za \u010di\u0161\u0107enje uklanja prljav\u0161tinu i vi\u0161ak sebuma, a istovremeno zadr\u017eava sadr\u017eaj vlage u ko\u017ei.<br \/>\nGel za \u010di\u0161\u0107enje sa pantenolom za ne\u017eno \u010di\u0161\u0107enje prili\u010dno suve ko\u017ee sa flekama. Ovaj blagi gel uklanja prljav\u0161tinu i vi\u0161ak sebuma, istovremeno \u010duvaju\u0107i sadr\u017eaj vlage u ko\u017ei.<\/p>\n<p><strong>UPOTREBA<\/strong><br \/>\nVla\u017enim rukama nje\u017eno rasporedite pro\u010di\u0161\u0107avaju\u0107i gel za \u010di\u0161\u0107enje po ko\u017ei lica, vrata i dekoltea. Temeljito isperite. Tretirajte tonikom za \u010di\u0161\u0107enje.<\/p>\n<p>Savjet: Ako je ko\u017ea bez upala, \u010detkica za lice je najprikladnija za nano\u0161enje gela za \u010di\u0161\u0107enje.<\/p>\n<p><strong>SASTOJCI<\/strong><br \/>\n\u2022 Decyl glukozid (surfaktant \u0161e\u0107era): sredstvo za \u010di\u0161\u0107enje na bazi povr\u0107a za nje\u017eno \u010di\u0161\u0107enje ko\u017ee<\/p>\n<p>\u2022 Pantenol: Provitamin B5. Pantenol ima hidratantna i protuupalna svojstva. Ovo poma\u017ee u ubla\u017eavanju crvenila. Osim toga, pantenol ima umiruju\u0107a svojstva<\/p>\n<p>&nbsp;<\/p>\n<h3><strong>TEHNI\u010cKI DETALJI<\/strong><\/h3>\n<div class=\"desccontainer mb-2 nottruncated\">\n<table class=\"table table-striped mt-3\">\n<tbody>\n<tr>\n<td class=\"col-md-4\"><strong>SADR\u017dAJ<\/strong><\/td>\n<td class=\"col-md-8\">200 ml<\/td>\n<\/tr>\n<tr>\n<td class=\"col-md-4\"><strong>pH VRIJEDNOST<\/strong><\/td>\n<td class=\"col-md-8\"><\/td>\n<\/tr>\n<tr>\n<td class=\"col-md-4\"><strong>TIP KO\u017dE<\/strong><\/td>\n<td class=\"col-md-8\">MASNA KO\u017dA<\/td>\n<\/tr>\n<tr>\n<td class=\"col-md-4\"><strong>VRSTA PROIZVODA<\/strong><\/td>\n<td class=\"col-md-8\">GEL<\/td>\n<\/tr>\n<\/tbody>\n<\/table>\n<\/div>\n","protected":false},"excerpt":{"rendered":"<p>OPIS Gel za \u010di\u0161\u0107enje sa pantenolom za ne\u017eno \u010di\u0161\u0107enje prili\u010dno suve ko\u017ee sa flekama. Ovaj blagi gel za \u010di\u0161\u0107enje uklanja prljav\u0161tinu i vi\u0161ak sebuma, a istovremeno zadr\u017eava sadr\u017eaj vlage u ko\u017ei. Gel za \u010di\u0161\u0107enje sa pantenolom za ne\u017eno \u010di\u0161\u0107enje prili\u010dno suve ko\u017ee sa flekama. Ovaj blagi gel uklanja prljav\u0161tinu i vi\u0161ak sebuma, istovremeno \u010duvaju\u0107i sadr\u017eaj [&hellip;]<\/p>\n","protected":false},"featured_media":1201,"template":"","meta":[],"product_cat":[28,45,29],"product_tag":[143],"class_list":{"0":"post-1200","1":"product","2":"type-product","3":"status-publish","4":"has-post-thumbnail","6":"product_cat-kozmeceutika","7":"product_cat-masnakoza","8":"product_cat-njegalica","9":"product_tag-gel-za-masnu-kozu","11":"first","12":"instock","13":"shipping-taxable","14":"product-type-simple"},"_links":{"self":[{"href":"https:\/\/relaxblog.radiopadrino.com\/index.php?rest_route=\/wp\/v2\/product\/1200","targetHints":{"allow":["GET"]}}],"collection":[{"href":"https:\/\/relaxblog.radiopadrino.com\/index.php?rest_route=\/wp\/v2\/product"}],"about":[{"href":"https:\/\/relaxblog.radiopadrino.com\/index.php?rest_route=\/wp\/v2\/types\/product"}],"wp:featuredmedia":[{"embeddable":true,"href":"https:\/\/relaxblog.radiopadrino.com\/index.php?rest_route=\/wp\/v2\/media\/1201"}],"wp:attachment":[{"href":"https:\/\/relaxblog.radiopadrino.com\/index.php?rest_route=%2Fwp%2Fv2%2Fmedia&parent=1200"}],"wp:term":[{"taxonomy":"product_cat","embeddable":true,"href":"https:\/\/relaxblog.radiopadrino.com\/index.php?rest_route=%2Fwp%2Fv2%2Fproduct_cat&post=1200"},{"taxonomy":"product_tag","embeddable":true,"href":"https:\/\/relaxblog.radiopadrino.com\/index.php?rest_route=%2Fwp%2Fv2%2Fproduct_tag&post=1200"}],"curies":[{"name":"wp","href":"https:\/\/api.w.org\/{rel}","templated":true}]}}