{"id":1244,"date":"2023-04-07T00:18:08","date_gmt":"2023-04-06T22:18:08","guid":{"rendered":"https:\/\/relaxblog.radiopadrino.com\/?post_type=product&#038;p=1244"},"modified":"2023-04-07T00:21:46","modified_gmt":"2023-04-06T22:21:46","slug":"rich-energy-mask-200ml","status":"publish","type":"product","link":"https:\/\/relaxblog.radiopadrino.com\/?product=rich-energy-mask-200ml","title":{"rendered":"Rich Energy Mask 200ml"},"content":{"rendered":"<p><strong>OPIS<\/strong><br \/>\nBrzodjeluju\u0107a maska za njegu bori se protiv prvih znakova stresa i umora.<br \/>\nBogata formula s mati\u010dnim stanicama jabuke, vitaminima i hidratantnim kremama podupire dugovje\u010dnost stanica ko\u017ee i smanjuje bore. Osim toga, pru\u017ea za\u0161titu od slobodnih radikala i smiruje iritiranu ko\u017eu pod stresom. Svakim nano\u0161enjem ko\u017ea dobija dodatnu porciju njege i vitalnih supstanci za blistavo lijep izgled.<\/p>\n<p><strong>UPOTREBA<\/strong><br \/>\nNanesite Rich Energy Mask na o\u010di\u0161\u0107enu ko\u017eu. Ostavite da djeluje 20 minuta. Uklonite toplim, vla\u017enim oblogama.<\/p>\n<p>Savjet: Za intenzivan tretman jednostavno uklonite vi\u0161ak maske papirnom maramicom; ne\u017eno umasirajte ostatak u ko\u017eu i ostavite da djeluje preko no\u0107i umjesto kreme za no\u0107nu njegu.<\/p>\n<p><strong>SASTOJCI<\/strong><br \/>\n\u2022 Ekstrakt mati\u010dnih \u0107elija jabuke: stimuli\u0161e rast mati\u010dnih \u0107elija<\/p>\n<p>\u2022 Vitamin A palmitat: Promovi\u0161e regeneraciju epiderme<\/p>\n<p>\u2022 Vitamin E acetat: Stabilizirani vitamin E (tokoferol), \u010dista\u010d radikala, sprje\u010dava prerano starenje ko\u017ee<\/p>\n<p>\u2022 Pantenol: Umiruje iritiranu ko\u017eu pod stresom<\/p>\n<p>\u2022 Hijaluronska kiselina dugog i kratkog lanca: odmah uo\u010dljiva glatko\u0107a ko\u017ee i dugotrajno pove\u0107anje vla\u017enosti ko\u017ee; zagla\u0111uje i smanjuje bore uzrokovane suho\u0107om<\/p>\n<p>\u2022 Saharidni izorat: mje\u0161avina razli\u010ditih \u0161e\u0107era proizvedenih od biljne glukoze koji se \u010dvrsto vezuju za kreatin ko\u017ee i osiguravaju dugotrajno pove\u0107anje vla\u017enosti ko\u017ee<\/p>\n<p>&nbsp;<\/p>\n<h3><strong>TEHNI\u010cKI DETALJI<\/strong><\/h3>\n<div class=\"desccontainer mb-2 nottruncated\">\n<table class=\"table table-striped mt-3\">\n<tbody>\n<tr>\n<td class=\"col-md-4\"><strong>SADR\u017dAJ<\/strong><\/td>\n<td class=\"col-md-8\">\u00a0200 ml<\/td>\n<\/tr>\n<tr>\n<td class=\"col-md-4\"><strong>pH VRIJEDNOST<\/strong><\/td>\n<td class=\"col-md-8\">6.0<\/td>\n<\/tr>\n<tr>\n<td class=\"col-md-4\"><strong>TIP KO\u017dEK<\/strong><\/td>\n<td class=\"col-md-8\">\u00a0ZAHTJEVNA KO\u017dA<\/td>\n<\/tr>\n<tr>\n<td class=\"col-md-4\"><strong>VRSTA PROIZVODA<\/strong><\/td>\n<td class=\"col-md-8\">MASKA<\/td>\n<\/tr>\n<\/tbody>\n<\/table>\n<\/div>\n","protected":false},"excerpt":{"rendered":"<p>OPIS Brzodjeluju\u0107a maska za njegu bori se protiv prvih znakova stresa i umora. Bogata formula s mati\u010dnim stanicama jabuke, vitaminima i hidratantnim kremama podupire dugovje\u010dnost stanica ko\u017ee i smanjuje bore. Osim toga, pru\u017ea za\u0161titu od slobodnih radikala i smiruje iritiranu ko\u017eu pod stresom. Svakim nano\u0161enjem ko\u017ea dobija dodatnu porciju njege i vitalnih supstanci za blistavo [&hellip;]<\/p>\n","protected":false},"featured_media":1247,"template":"","meta":[],"product_cat":[28,29,57],"product_tag":[153],"class_list":{"0":"post-1244","1":"product","2":"type-product","3":"status-publish","4":"has-post-thumbnail","6":"product_cat-kozmeceutika","7":"product_cat-njegalica","8":"product_cat-zahtjevnakoza","9":"product_tag-energetska-maska","11":"first","12":"instock","13":"featured","14":"shipping-taxable","15":"product-type-simple"},"_links":{"self":[{"href":"https:\/\/relaxblog.radiopadrino.com\/index.php?rest_route=\/wp\/v2\/product\/1244","targetHints":{"allow":["GET"]}}],"collection":[{"href":"https:\/\/relaxblog.radiopadrino.com\/index.php?rest_route=\/wp\/v2\/product"}],"about":[{"href":"https:\/\/relaxblog.radiopadrino.com\/index.php?rest_route=\/wp\/v2\/types\/product"}],"wp:featuredmedia":[{"embeddable":true,"href":"https:\/\/relaxblog.radiopadrino.com\/index.php?rest_route=\/wp\/v2\/media\/1247"}],"wp:attachment":[{"href":"https:\/\/relaxblog.radiopadrino.com\/index.php?rest_route=%2Fwp%2Fv2%2Fmedia&parent=1244"}],"wp:term":[{"taxonomy":"product_cat","embeddable":true,"href":"https:\/\/relaxblog.radiopadrino.com\/index.php?rest_route=%2Fwp%2Fv2%2Fproduct_cat&post=1244"},{"taxonomy":"product_tag","embeddable":true,"href":"https:\/\/relaxblog.radiopadrino.com\/index.php?rest_route=%2Fwp%2Fv2%2Fproduct_tag&post=1244"}],"curies":[{"name":"wp","href":"https:\/\/api.w.org\/{rel}","templated":true}]}}