{"id":1251,"date":"2023-04-07T00:24:56","date_gmt":"2023-04-06T22:24:56","guid":{"rendered":"https:\/\/relaxblog.radiopadrino.com\/?post_type=product&#038;p=1251"},"modified":"2023-04-07T00:25:20","modified_gmt":"2023-04-06T22:25:20","slug":"multi-action-cleansing-balm-50ml","status":"publish","type":"product","link":"https:\/\/relaxblog.radiopadrino.com\/?product=multi-action-cleansing-balm-50ml","title":{"rendered":"Multi Action Cleansing Balm 50ml"},"content":{"rendered":"<p><strong>OPIS<\/strong><br \/>\nLuksuzni balzam za \u010di\u0161\u0107enje zrele ko\u017ee.<br \/>\nLuksuzni balzam za \u010di\u0161\u0107enje sa transformiraju\u0107om teksturom za zrelu ko\u017eu. Delikatna kremasto-gel tekstura kombinuje \u010detiri mogu\u0107nosti primene u jednoj formuli; mo\u017ee se koristiti kao losion za \u010di\u0161\u0107enje, sredstvo za skidanje \u0161minke, hidratantna maska \u200b\u200bi kao SOS balzam za posebno suhe dijelove ko\u017ee. Sa murumuru maslacem, uljem ko\u0161tica kajsije i uljem no\u0107urka.<\/p>\n<p><strong>UPOTREBA<\/strong><br \/>\nPrimjena kao sredstvo za \u010di\u0161\u0107enje: Nanesite koli\u010dinu veli\u010dine lje\u0161njaka na lice i umasirajte. Gel se pretvara u ulje i uklanja \u0161minku. Prilikom hidratacije ko\u017ee, ulje postaje mlije\u010dna emulzija. Kao maska: nanijeti na o\u010di\u0161\u0107enu ko\u017eu, ostaviti da djeluje 5-10 minuta i isprati. Kao SOS balzam: Nanesite na posebno suvu ko\u017eu i umasirajte.<\/p>\n<p><strong>SASTOJCI<\/strong><br \/>\n\u2022 Murumuru puter: ekstrahira se iz sjemenki crvenkasto-narand\u017eastih plodova palme Murumuru (Astrocaryum murumuru) koja je porijeklom iz Amazona. Biljni puter ima jedinstven sastav esencijalnih masnih kiselina i stvara za\u0161titni film na ko\u017ei<\/p>\n<p>\u2022 Ulje ko\u0161tica kajsije: je hranljivo ulje iz ko\u0161tica kajsije (Prunus armeniaca). Bogata nezasi\u0107enim masnim kiselinama i vrlo laka za ko\u017eu; tako\u0111e \u0161titi ko\u017eu od isu\u0161ivanja<\/p>\n<p>\u2022 Ulje no\u0107urka: sadr\u017ei vrlo visok postotak gama-linolenske kiseline koja ja\u010da za\u0161titnu funkciju ko\u017ee<\/p>\n<p>\u2022 Ekstrakt mati\u010dnih \u0107elija maline: ekstrakt mati\u010dnih \u0107elija maline rastvorljiv u ulju. Sadr\u017ei visok udio karotenoida, lipida, fenolne kiseline i elagitanina zahvaljuju\u0107i jedinstvenoj tehnologiji mati\u010dnih stanica. Ove aktivne supstance imaju posebna antioksidativna i hidratantna svojstva<\/p>\n<p>\u2022 Vitamin E: je antioksidans<\/p>\n<p>&nbsp;<\/p>\n<h3><strong>TEHNI\u010cKI DETALJI<\/strong><\/h3>\n<div class=\"desccontainer mb-2 nottruncated\">\n<table class=\"table table-striped mt-3\">\n<tbody>\n<tr>\n<td class=\"col-md-4\"><strong>SADR\u017dAJ<\/strong><\/td>\n<td class=\"col-md-8\">\u00a050 ml<\/td>\n<\/tr>\n<tr>\n<td class=\"col-md-4\"><strong>pH VRIJEDNOST<\/strong><\/td>\n<td class=\"col-md-8\"><\/td>\n<\/tr>\n<tr>\n<td class=\"col-md-4\"><strong>TIP KO\u017dEK<\/strong><\/td>\n<td class=\"col-md-8\">\u00a0ZRELA KO\u017dA<\/td>\n<\/tr>\n<tr>\n<td class=\"col-md-4\"><strong>VRSTA PROIZVODA<\/strong><\/td>\n<td class=\"col-md-8\">KREMA<\/td>\n<\/tr>\n<\/tbody>\n<\/table>\n<\/div>\n","protected":false},"excerpt":{"rendered":"<p>OPIS Luksuzni balzam za \u010di\u0161\u0107enje zrele ko\u017ee. Luksuzni balzam za \u010di\u0161\u0107enje sa transformiraju\u0107om teksturom za zrelu ko\u017eu. Delikatna kremasto-gel tekstura kombinuje \u010detiri mogu\u0107nosti primene u jednoj formuli; mo\u017ee se koristiti kao losion za \u010di\u0161\u0107enje, sredstvo za skidanje \u0161minke, hidratantna maska \u200b\u200bi kao SOS balzam za posebno suhe dijelove ko\u017ee. Sa murumuru maslacem, uljem ko\u0161tica kajsije [&hellip;]<\/p>\n","protected":false},"featured_media":594,"template":"","meta":[],"product_cat":[28,66],"product_tag":[67],"class_list":{"0":"post-1251","1":"product","2":"type-product","3":"status-publish","4":"has-post-thumbnail","6":"product_cat-kozmeceutika","7":"product_cat-zrelakoza","8":"product_tag-balzam-za-ciscenje","10":"first","11":"instock","12":"shipping-taxable","13":"product-type-simple"},"_links":{"self":[{"href":"https:\/\/relaxblog.radiopadrino.com\/index.php?rest_route=\/wp\/v2\/product\/1251","targetHints":{"allow":["GET"]}}],"collection":[{"href":"https:\/\/relaxblog.radiopadrino.com\/index.php?rest_route=\/wp\/v2\/product"}],"about":[{"href":"https:\/\/relaxblog.radiopadrino.com\/index.php?rest_route=\/wp\/v2\/types\/product"}],"wp:featuredmedia":[{"embeddable":true,"href":"https:\/\/relaxblog.radiopadrino.com\/index.php?rest_route=\/wp\/v2\/media\/594"}],"wp:attachment":[{"href":"https:\/\/relaxblog.radiopadrino.com\/index.php?rest_route=%2Fwp%2Fv2%2Fmedia&parent=1251"}],"wp:term":[{"taxonomy":"product_cat","embeddable":true,"href":"https:\/\/relaxblog.radiopadrino.com\/index.php?rest_route=%2Fwp%2Fv2%2Fproduct_cat&post=1251"},{"taxonomy":"product_tag","embeddable":true,"href":"https:\/\/relaxblog.radiopadrino.com\/index.php?rest_route=%2Fwp%2Fv2%2Fproduct_tag&post=1251"}],"curies":[{"name":"wp","href":"https:\/\/api.w.org\/{rel}","templated":true}]}}