{"id":700,"date":"2022-04-12T12:35:08","date_gmt":"2022-04-12T10:35:08","guid":{"rendered":"https:\/\/relaxblog.radiopadrino.com\/?post_type=product&#038;p=700"},"modified":"2022-04-12T13:15:49","modified_gmt":"2022-04-12T11:15:49","slug":"spirulina-green-mask-10x30g","status":"publish","type":"product","link":"https:\/\/relaxblog.radiopadrino.com\/?product=spirulina-green-mask-10x30g","title":{"rendered":"Spirulina Green Mask 10x30g"},"content":{"rendered":"<p><strong>Opis<\/strong><br \/>\nPeel off maska \u200b\u200bza sve tipove ko\u017ee.<\/p>\n<p><strong>Sastojci<\/strong><\/p>\n<p>\u2022 Alginat: daje puder maski elasti\u010dnu, \u010dvrstu konzistenciju nakon mije\u0161anja i su\u0161enja (mekani model koji se odlijepi), hidratizira, u\u010dvr\u0161\u0107uje, podi\u017ee<\/p>\n<p>\u2022 Spirulina maxima (2%): Mikroalge i dobavlja\u010d prirodnih sadr\u017eaja, tj. proteina, ugljenih hidrata, vitamina, masnih kiselina i lipida, minerala i elemenata u tragovima<\/p>\n<p>Za razliku od ve\u0107ine morskih algi, Spirulina prakti\u010dki ne sadr\u017ei jod<\/p>\n<p><strong>Upotreba<\/strong><\/p>\n<p>1. korak: Za\u0161titite liniju kose kupca (npr. papirnim maramicama).<\/p>\n<p>2. korak: Nanesite koncentrat aktivne tvari koji odgovara tipu ko\u017ee na dijelove ko\u017ee koje treba tretirati i lagano pritisnite. Ostavite da djeluje nekoliko minuta.<\/p>\n<p>3. korak: Pomije\u0161ajte piling masku. Brzo pomije\u0161ajte 30 g praha sa cca. 90 ml Mask Activator (sobna temperatura) za formiranje glatke paste.<\/p>\n<p>4. korak: Ravnomjerno nanesite gustu smjesu maske na lice i vrat ili odgovaraju\u0107e dijelove tijela pokretima prema gore pomo\u0107u lopatice. O\u010di i usta izostaviti (ili ih uklju\u010diti nakon konsultacije s kupcem). Naravno, respiratorni putevi uvijek ostaju slobodni. Ostavite masku da djeluje 15-20 minuta.<\/p>\n<p>5. korak: Jednostavno skinite masku i uklonite ostatke vla\u017enim sun\u0111erima za masku ako je potrebno.<\/p>\n<p>6. korak: Zatim nanesite odgovaraju\u0107u kremu za njegu.<\/p>\n<p>Napomena: kada se maska \u200b\u200bstvrdne, mogu se pojaviti ostaci pudera na ko\u017ei u podru\u010djima u kojima maska \u200b\u200bisti\u010de. Da biste to izbjegli, jednostavno nanesite malo kreme za njegu du\u017e rubova maske na prijelazu na vrat, liniju kose i nozdrve.<\/p>\n<p>Savjet: Spirulina zelena maska \u200b\u200bje pogodna i za tretiranje ruku i le\u0111a. Za tretiranje le\u0111a potrebne su dvije do tri porcije pudera od 30 g, dok je za stra\u017enje dijelove \u0161aka dovoljna jedna porcija od 30 g.<\/p>\n<p>&nbsp;<\/p>\n<table class=\"table table-striped mt-3\">\n<tbody>\n<tr>\n<td class=\"col-md-4\"><strong>SADR\u017dAJ<\/strong><\/td>\n<td class=\"col-md-8\">\u00a010x30gr<\/td>\n<\/tr>\n<tr>\n<td class=\"col-md-4\"><strong>pH VRIJEDNOST<\/strong><\/td>\n<td class=\"col-md-8\"><\/td>\n<\/tr>\n<tr>\n<td class=\"col-md-4\"><strong>TIP KO\u017dEK<\/strong><\/td>\n<td class=\"col-md-8\">\u00a0SVE VRSTE KO\u017dE<\/td>\n<\/tr>\n<tr>\n<td class=\"col-md-4\"><strong>VRSTA PROIZVODA<\/strong><\/td>\n<td class=\"col-md-8\">MASKA<\/td>\n<\/tr>\n<\/tbody>\n<\/table>\n","protected":false},"excerpt":{"rendered":"<p>Opis Peel off maska \u200b\u200bza sve tipove ko\u017ee. Sastojci \u2022 Alginat: daje puder maski elasti\u010dnu, \u010dvrstu konzistenciju nakon mije\u0161anja i su\u0161enja (mekani model koji se odlijepi), hidratizira, u\u010dvr\u0161\u0107uje, podi\u017ee \u2022 Spirulina maxima (2%): Mikroalge i dobavlja\u010d prirodnih sadr\u017eaja, tj. proteina, ugljenih hidrata, vitamina, masnih kiselina i lipida, minerala i elemenata u tragovima Za razliku od [&hellip;]<\/p>\n","protected":false},"featured_media":701,"template":"","meta":[],"product_cat":[119],"product_tag":[115],"class_list":{"0":"post-700","1":"product","2":"type-product","3":"status-publish","4":"has-post-thumbnail","6":"product_cat-pilofmaske","7":"product_tag-pilof-maska-za-sve-tipove-koze","9":"first","10":"instock","11":"shipping-taxable","12":"product-type-simple"},"_links":{"self":[{"href":"https:\/\/relaxblog.radiopadrino.com\/index.php?rest_route=\/wp\/v2\/product\/700","targetHints":{"allow":["GET"]}}],"collection":[{"href":"https:\/\/relaxblog.radiopadrino.com\/index.php?rest_route=\/wp\/v2\/product"}],"about":[{"href":"https:\/\/relaxblog.radiopadrino.com\/index.php?rest_route=\/wp\/v2\/types\/product"}],"wp:featuredmedia":[{"embeddable":true,"href":"https:\/\/relaxblog.radiopadrino.com\/index.php?rest_route=\/wp\/v2\/media\/701"}],"wp:attachment":[{"href":"https:\/\/relaxblog.radiopadrino.com\/index.php?rest_route=%2Fwp%2Fv2%2Fmedia&parent=700"}],"wp:term":[{"taxonomy":"product_cat","embeddable":true,"href":"https:\/\/relaxblog.radiopadrino.com\/index.php?rest_route=%2Fwp%2Fv2%2Fproduct_cat&post=700"},{"taxonomy":"product_tag","embeddable":true,"href":"https:\/\/relaxblog.radiopadrino.com\/index.php?rest_route=%2Fwp%2Fv2%2Fproduct_tag&post=700"}],"curies":[{"name":"wp","href":"https:\/\/api.w.org\/{rel}","templated":true}]}}